mmon factor of 3675 and 581?
7
What is the greatest common divisor of 4797 and 619551?
369
What is the highest common divisor of 256125 and 750?
375
Calculate the highest common divisor of 20277 and 594.
27
Calculate the greatest common factor of 233963 and 215.
43
Calculate the greatest common factor of 824 and 1068316.
412
What is the highest common factor of 23870 and 85085?
385
Calculate the highest common factor of 1349864 and 124.
124
What is the greatest common divisor of 20 and 1897730?
10
Calculate the greatest common divisor of 11632 and 32.
16
What is the greatest common divisor of 100 and 26840?
20
Calculate the highest common factor of 60932 and 4.
4
What is the greatest common factor of 3159240 and 7560?
840
Calculate the greatest common divisor of 30636 and 1368.
36
What is the greatest common divisor of 2127 and 71?
1
What is the greatest common factor of 8 and 98688?
8
Calculate the highest common divisor of 71430 and 30.
30
What is the greatest common divisor of 80 and 6355?
5
What is the greatest common divisor of 11580 and 1920?
60
Calculate the highest common divisor of 1750 and 15.
5
What is the highest common divisor of 454995 and 117?
9
What is the greatest common factor of 190 and 180?
10
Calculate the highest common divisor of 16716 and 108.
12
Calculate the greatest common divisor of 4853 and 115.
23
What is the greatest common factor of 256652 and 154?
22
What is the highest common factor of 2119 and 3107?
13
What is the highest common divisor of 92087 and 710?
71
Calculate the highest common factor of 176 and 179696.
176
Calculate the greatest common divisor of 20474 and 1334.
58
What is the highest common factor of 768 and 21?
3
What is the greatest common divisor of 220 and 157660?
20
Calculate the greatest common divisor of 7718 and 34.
34
What is the greatest common divisor of 195 and 78520?
65
What is the greatest common divisor of 530 and 25?
5
Calculate the greatest common factor of 563137 and 601.
601
What is the greatest common factor of 2240 and 1576?
8
What is the highest common factor of 122969 and 385?
77
Calculate the highest common divisor of 3551364 and 48.
12
Calculate the greatest common divisor of 17800 and 16.
8
What is the greatest common factor of 444 and 2025676?
148
What is the greatest common factor of 135 and 3355?
5
What is the greatest common divisor of 127188 and 108?
36
What is the highest common divisor of 937479 and 399?
57
What is the highest common factor of 78081 and 5253?
51
Calculate the highest common divisor of 13970 and 715.
55
Calculate the greatest common divisor of 7292166 and 696.
174
What is the greatest common factor of 280 and 57848?
56
Calculate the highest common factor of 110539 and 143.
143
What is the highest common factor of 534812 and 152?
76
What is the highest common factor of 5 and 102465?
5
What is the greatest common divisor of 4802 and 469?
7
Calculate the highest common divisor of 9 and 219510.
9
Calculate the highest common factor of 5850 and 87360.
390
Calculate the greatest common divisor of 7482 and 6264.
174
Calculate the greatest common factor of 8 and 109512.
8
Calculate the greatest common factor of 660 and 4865.
5
Calculate the greatest common factor of 85 and 2673947.
17
Calculate the greatest common factor of 2829 and 615.
123
Calculate the highest common factor of 2 and 2824.
2
What is the greatest common factor of 28 and 1572?
4
Calculate the highest common factor of 11961075 and 42.
21
Calculate the highest common factor of 858 and 50754.
66
Calculate the highest common factor of 16687 and 74.
37
Calculate the highest common factor of 164 and 251945.
41
Calculate the greatest common divisor of 287 and 112.
7
What is the greatest common divisor of 7693 and 293747?
157
Calculate the greatest common factor of 47025 and 1800.
225
What is the greatest common divisor of 62808 and 78?
6
What is the highest common factor of 74 and 18315?
37
Calculate the highest common divisor of 34844 and 5704.
124
Calculate the highest common factor of 10278 and 81.
9
Calculate the greatest common divisor of 14 and 3967782.
14
What is the greatest common factor of 117798 and 696?
174
What is the greatest common factor of 4901 and 221?
13
Calculate the greatest common factor of 18306 and 4968.
54
Calculate the greatest common divisor of 567 and 664767.
81
What is the greatest common factor of 3500 and 28?
28
Calculate the highest common factor of 210 and 45255.
105
What is the greatest common divisor of 10680 and 310?
10
What is the greatest common factor of 60040 and 4560?
760
What is the highest common divisor of 588 and 15312?
12
What is the highest common divisor of 21084 and 357?
21
What is the highest common divisor of 1015118 and 130?
26
Calculate the highest common factor of 1800 and 3150.
450
What is the greatest common factor of 584 and 22703?
73
What is the highest common divisor of 130 and 2830?
10
What is the greatest common factor of 13 and 8217677?
13
Calculate the highest common divisor of 21600 and 1400.
200
What is the greatest common divisor of 37 and 64639?
37
Calculate the highest common divisor of 41050 and 250.
50
Calculate the greatest common factor of 846 and 1154367.
423
What is the highest common factor of 2717 and 587081?
209
What is the highest common divisor of 223 and 997?
1
Calculate the greatest common divisor of 174026 and 4.
2
What is the highest common divisor of 7634 and 85362?
694
Calculate the highest common divisor of 1154779 and 83.
83
Calculate the greatest common divisor of 13685 and 11431.
161
Calculate the greatest common factor of 2324 and 1400.
28
What is the greatest common divisor of 25191 and 3888?
81
Calculate the highest common factor of 138176 and 1984.
64
What is the highest common factor of 41 and 1072478?
41
Calculate the greatest common divisor of 132917 and 115.
23
What is the highest common divisor of 1300 and 10543?
13
Calculate the highest common divisor of 4270 and 1158878.
854
What is the highest common factor of 16742 and 2882?
22
Calculate the highest common divisor of 248271 and 12.
3
Calculate the highest common factor of 210 and 157830.
30
What is the highest common divisor of 1121998 and 2?
2
Calculate the highest common factor of 5535 and 431115.
615
Calculate the highest common divisor of 450 and 1089.
9
What is the greatest common factor of 8160 and 1472?
32
What is the greatest common divisor of 632464 and 112?
112
Calculate the highest common factor of 2035 and 32375.
185
What is the highest common factor of 110816 and 2?
2
What is the greatest common divisor of 10782 and 38?
2
What is the highest common factor of 854 and 1039257?
61
Calculate the highest common factor of 20 and 2193540.
20
What is the greatest common divisor of 2301 and 21653?
59
What is the greatest common factor of 12 and 449796?
12
What is the greatest common divisor of 232895 and 13?
13
Calculate the highest common divisor of 19479 and 516.
129
Calculate the greatest common divisor of 16 and 930992.
16
Calculate the greatest common factor of 125868 and 408.
204
What is the highest common divisor of 2352 and 122352?
48
What is the highest common factor of 21942 and 23184?
414
Calculate the highest common divisor of 3381 and 52479.
147
Calculate the greatest common factor of 5082 and 5214.
66
Calculate the highest common factor of 3432 and 4587.
33
Calculate the greatest common factor of 421 and 570455.
421
What is the highest common factor of 33150 and 160?
10
Calculate the highest common factor of 5904 and 4944.
48
What is the greatest common factor of 61 and 425475?
61
Calculate the greatest common factor of 4875600 and 2000.
400
Calculate the greatest common factor of 23475 and 45.
15
What is the greatest common divisor of 276 and 12?
12
What is the highest common factor of 188 and 4982?
94
What is the greatest common divisor of 288456 and 2142?
714
Calculate the highest common factor of 15 and 23745.
15
Calculate the highest common divisor of 56441 and 77.
77
What is the greatest common divisor of 537568 and 96?
32
What is the greatest common factor of 9869 and 3763?
71
What is the greatest common factor of 460 and 59860?
20
What is the highest common divisor of 27650419 and 43?
43
Calculate the greatest common d